 the prime factors of 2002/7 - (11 - x).
2, 5, 7
Let c be 4/(-28) + 30/14. Suppose -5*x - c*x = -3*x. Suppose s + 4*s - 10 = 0, x = 3*l + 2*s - 217. List the prime factors of l.
71
Let i(g) = -217*g + 14542. What are the prime factors of i(0)?
2, 11, 661
List the prime factors of 12823 - (-1248)/48*(-2)/13.
3, 4273
Let p be (46/(-23))/((-3)/(9/(-6))). Let n(w) be the third derivative of 23*w**5/60 + w**4/24 - w**3/6 - w**2. List the prime factors of n(p).
3, 7
Suppose -2*p = -q + 944, 0 = -5*q - 4*p + 2920 + 1786. Let s = q - -551. List the prime factors of s.
1493
Suppose 3*m = -w - w + 82, 4*m - 5*w = 71. List the prime factors of (m/(-45)*-78)/(2/5).
2, 13
Let v(a) be the third derivative of -13*a**4/12 - 5*a**3/6 - 8*a**2. Let u(f) = 77*f + 14. Let p(y) = -2*u(y) - 7*v(y). List the prime factors of p(3).
7, 13
Let c(y) = 106*y - 40. Let w(r) = -21*r + 8. Let s(f) = -2*c(f) - 11*w(f). Let t = -1948 - -1954. List the prime factors of s(t).
2, 53
Let a(z) = 403*z - 212. List the prime factors of a(39).
5, 7, 443
Let l = 8745 - 3065. List the prime factors of l.
2, 5, 71
Let n(d) be the second derivative of -27*d**5/10 - d**4/6 - d**3/6 - 2*d. Let u(i) = -7*i + 83. Let m be u(12). List the prime factors of n(m).
53
Let p be (1 + -33)/((-32)/(-1136)). Let i = p - -2036. What are the prime factors of i?
2, 3, 5
Let m(r) = 9*r - 69. Let u be m(10). Suppose y - 25 + u = 0. Suppose 0 = y*x - 108 - 4. List the prime factors of x.
2, 7
Let n be 2/8 - (6/24 - 1). Suppose -5*o = -2*f - f - n, -3*o = -4*f + 6. List the prime factors of (o/(12/63))/(3/18).
3, 7
What are the prime factors of 14075 + (10 + -16 - (2 + -3))?
2, 3, 5, 7, 67
Suppose 0 = -7*v + 16835 + 17416. What are the prime factors of v?
3, 7, 233
Let k(o) = -3*o**3 + 17*o**2 - 5*o + 19. Let d(y) = -2*y**3 + 8*y**2 - 2*y + 10. Let j(q) = 5*d(q) - 3*k(q). Let s = 164 + -176. List the prime factors of j(s).
7, 11
Suppose -80*j + 83*j = 5*l - 4831, 5*j - 3*l + 8041 = 0. Let b = -857 - j. List the prime factors of b.
2, 3, 5
Let n be (-4)/6*47991/34. Let d = n - -1832. List the prime factors of d.
3, 11
Suppose -2*c - c - 19 = -4*q, 3*c = 9. Let i(b) = 8*b**2 + 17*b - 131. List the prime factors of i(q).
2, 5, 19
Let b(k) = -10*k + 225. Let i be b(23). What are the prime factors of (-3)/5 + ((-30768)/i)/6?
5, 41
Let b be 5/(0 - 0 - -1). Suppose n - b*w - 20 = -4*n, n = -3*w - 16. List the prime factors of (532/28)/(0 - n).
19
Let u(i) = 10*i**2 - 9*i + 16. Let z be 3/(12/(-8)) + -3. Let g be u(z). Suppose 4*a - 4*k = 541 + g, 3*k - 205 = -a. List the prime factors of a.
211
Suppose -284*z = -5*n - 285*z + 64167, -4*n - 3*z + 51327 = 0. List the prime factors of n.
2, 3, 23, 31
List the prime factors of (50/(-15))/((-4)/3279)*(7 - 1).
3, 5, 1093
Let j(o) = -9*o**3 + 31*o**2 + 16*o + 50. Let t(r) = -11*r**3 + 32*r**2 + 17*r + 51. Let l(u) = 5*j(u) - 4*t(u). List the prime factors of l(25).
2, 3, 7, 19
Suppose 3*f + 3*g = 105, 0 = 43*g - 40*g - 6. What are the prime factors of -4 + f/12 + (-5873)/(-4)?
3, 163
Let s(n) be the second derivative of -n**5/10 - 2*n**4/3 - 8*n**3/3 - 5*n**2 + 22*n. Let k be s(-6). Let d = k - 35. List the prime factors of d.
3, 5, 13
Suppose -600*h + 41057 = 4*j - 597*h, 2*j = 3*h + 20515. What are the prime factors of j?
2, 7, 733
Suppose 3*g = -5*g + 56. Suppose 0 = -g*l - 9*l + 5200. List the prime factors of l.
5, 13
Let k(q) = 9*q**3 + 2*q - 1. Let a be k(1). Let f(m) = 4*m - 171. Let c(j) = 2*j - 72. Let y(o) = 9*c(o) - 4*f(o). List the prime factors of y(a).
2, 7
Let o = -1140 + 638. Let m = 238 - o. List the prime factors of m.
2, 5, 37
Let z(w) = 4*w**2 + w**3 + 11*w**2 - 60*w - 5*w**2 + 2124 - 2118. List the prime factors of z(-14).
2, 31
List the prime factors of 714/(-102) + (4 - 2) + 1159.
2, 577
Let t(v) = v**2 - 2*v - 8. Let b be t(5). Suppose -b*o + 6*o + 4 = 0. Suppose -3 = -o*g + 9. What are the prime factors of g?
3
Suppose -12*q + 52 = q. Suppose q*k + k - 10 = 3*n, 2*k = -4*n + 30. Suppose -k*b = -4*c - 210, 2*b - 209 = -2*b - 5*c. What are the prime factors of b?
2, 23
Let n = -2215 + 5406. What are the prime factors of n?
3191
Suppose 10699 = 36*u - 23*u. Let i = 1436 - u. List the prime factors of i.
613
Suppose -18 = -7*z + 4*z. Let i be 8/z - 8/(-12). Suppose 2*y - i*j - 598 = 0, 0 = j - 0 + 5. List the prime factors of y.
2, 3, 7
Let x(g) = -g**2 + 1. Let f(q) = -4*q**2 + 18*q + 50. Let l(k) = f(k) - 5*x(k). Let n(d) be the first derivative of l(d). List the prime factors of n(0).
2, 3
Let d = -7573 + 29930. What are the prime factors of d?
79, 283
Suppose -16*f + 20 = -44. Suppose f*u = 739 + 2973. What are the prime factors of u?
2, 29
Let o be 1 - 6/8 - (-12)/(-48). Suppose -62*s + 57*s + 1780 = o. List the prime factors of s.
2, 89
Suppose -4*f = -v + 3*v - 60, 3*f - v = 45. Suppose -3625 = f*d - 14245. What are the prime factors of d?
2, 3, 59
Let p be (-6 + 10)/(-4*3/(-4056)). Let s = p - 318. List the prime factors of s.
2, 11, 47
Let f(i) = 194*i**2 + 170*i - 1544. List the prime factors of f(12).
2, 1777
Suppose 2*u + 5*j = 4*u - 12, j - 4 = 0. Let a(y) = 31*y + 144. List the prime factors of a(u).
2, 5
Let m(z) be the first derivative of 17*z**2/2 - 114*z + 63. List the prime factors of m(11).
73
Let z(l) = 15*l**2 + 2*l - 23. Suppose 9*q - 71 = -26. List the prime factors of z(q).
2, 181
Suppose -17 = -2*h - 17. Suppose -5*v = -5*t - 20 - h, t + 16 = 5*v. Suppose 35 - 104 = -v*s. List the prime factors of s.
23
What are the prime factors of -1*(-24 - -17 - 20587)?
2, 7, 1471
Let y(a) = 5*a**2 + 4*a - 25. Suppose -4*h + 0 = 16. Let m be (2 + -3 - 2) + h. List the prime factors of y(m).
2, 3
List the prime factors of 12 - (-24455 - 14) - -4.
5, 59, 83
Suppose 5*s + 346 = -3*u + 6*u, -5*s = 4*u + 367. Let v = 518 - s. List the prime factors of v.
19, 31
Let a = -30 + 32. Let p be a*1 - 4410/(-18). Suppose r + 5*h = 121 - 45, -4*r + p = h. What are the prime factors of r?
61
Suppose 36*y - 9*y = -18*y + 76185. What are the prime factors of y?
1693
Let g be 135/12*28/21. Suppose g = 61*u - 60*u. Suppose 19*q - 332 = u*q. What are the prime factors of q?
83
Suppose -t + 5*r + 1773 = -1838, -4*t + 14444 = -r. List the prime factors of t.
23, 157
Let j = 9940 - 5935. What are the prime factors of j?
3, 5, 89
Suppose 5*r + 4*v = 5498 + 3265, 0 = -r - v + 1752. Suppose -2*o + l = -r, 4*l - 25 = 9*l. List the prime factors of o.
5, 7
Let l(u) = 7*u**2 - 71*u + 706. List the prime factors of l(42).
2, 1259
Suppose 5*m - 6 = b + 8, 0 = 3*m - 3*b - 6. Suppose m = g, -3*q - 5*g + 2450 = 2*q. List the prime factors of q.
487
Suppose -2*d = 4*c - 170192, 5*c + 11*d - 82822 = 129935. List the prime factors of c.
157, 271
Suppose -2*l = l - 2568. Let p be 22/3 - 32/24 - -5. Suppose l = -p*g + 15*g. List the prime factors of g.
2, 107
Let o(r) = r**3 - 30*r**2 + 55*r + 33. Let u be o(28). Suppose -2088 = -u*b + 2*c, -4*c + 3650 = 6*b + 1138. List the prime factors of b.
2, 11, 19
Let i(k) = -3 + 8 + 8 + k - 10*k. Let j be i(-8). List the prime factors of -2 - -1*(j + 4).
3, 29
Let c = 285 + -282. Let r(f) = -f**3 + 12*f**2 + 12*f + 15. Let k be r(13). Suppose c*j + m = 560, -364 = -k*j + m + 3*m. What are the prime factors of j?
2, 3, 31
Let j be 2/(-4) + ((-1505)/(-10))/7. Suppose 3*l + 21132 = j*l. What are the prime factors of l?
2, 587
What are the prime factors of (358*(-3)/12)/(151/(-15704))?
2, 13, 179
Suppose 2023 = 6*j - 1799. Suppose -o + 0*a - 4*a + 124 = 0, 5*o = -3*a + j. List the prime factors of o.
2
Suppose 26*x = 24*x + 3*f + 30577, 3*x + 2*f = 45898. What are the prime factors of x?
2, 239
Suppose -121002 = -133*j + 102571. What are the prime factors of j?
41
List the prime factors of ((-116624)/(-3) - (5 + -11))*30/20.
58321
Let x = 12879 - 5661. List the prime factors of x.
2, 3, 401
Let d = -1 + 6. Let q be (-2382)/27 + 172/(-36) + d. Let y = 74 - q. List the prime factors of y.
2, 3
Suppose 6*n - 120 = 3*n. Let q be 1/5 - 728/n. Let a = 80 + q. What are the prime factors of a?
2, 31
Let m(r) = -923*r - 4943. List the prime factors of m(-42).
149, 227
Let d(r) = 14*r - 118. Let t be d(9). Suppose 3790 = 5*a + 5*s, t*a - 758 = 7*a + s. List the prime factors of a.
2, 379
Let f be (-232)/(-4) + (-1 + 10)/(-3). Suppose f + 58 = p